 divisor of 7 and u.
7
Suppose 128*j - 123*j - 80 = 0. Calculate the highest common divisor of 440 and j.
8
Let m(w) = 39*w + 5*w**2 - 32*w - 12 + 3. Let q be m(4). What is the greatest common factor of 9 and q?
9
Let b = -801 + 853. Calculate the highest common factor of 702 and b.
26
Let q(l) = -l**3 - 20*l**2 + 43*l + 65. Let o be q(-23). Calculate the greatest common divisor of o and 153.
51
Let p(f) = 89*f**2 + 345*f + 7. Let u be p(-5). What is the greatest common divisor of 117 and u?
39
Let o = -493 + 511. Calculate the greatest common factor of 162 and o.
18
Let k(d) = d**3 + 1878. Let o be k(0). Let p be o/8 - (-21)/(-28). Let f = -17 + 43. Calculate the greatest common factor of f and p.
26
Let s(w) = -w + 1. Let k be s(-23). Let g = 2 - -7. Let d = 15 - g. What is the greatest common divisor of k and d?
6
Let y(m) = 34*m - 82. Let j be y(7). Calculate the greatest common divisor of 182 and j.
26
Suppose -44*n + 6832 + 2848 = 0. What is the greatest common divisor of n and 484?
44
Let l(z) = -9*z - 10. Let h be l(-3). Let t = -13 + h. Suppose -151 = -3*k + t*b, 2*b = -5*k + 110 + 185. What is the highest common factor of k and 19?
19
Suppose s + 45 + 70 = 4*f, -3*f - 2*s + 100 = 0. Let v = f - 6. Let z be (-11)/((-11)/90) + 6. Calculate the highest common factor of z and v.
24
Let v be (-2 + -152)/((-136)/(-24) - 6). What is the highest common factor of v and 44?
22
Let t be 1/(4 + (-279)/72). What is the highest common divisor of 14 and t?
2
Let k(j) = -j**2 + 10*j + 2. Let g be k(8). Suppose -5*y + 64*f + 231 = 67*f, y = 2*f + 41. Calculate the greatest common divisor of g and y.
9
Let t = -377 + 464. Calculate the highest common divisor of 116 and t.
29
Suppose 21*j - 17*j = 8. Suppose 3*t - 6*t = 5*r - 29, -j*t - 3*r + 20 = 0. What is the highest common divisor of t and 143?
13
Let k(z) = 43*z + 28. Let y be k(6). What is the highest common divisor of y and 26?
26
Suppose 8*u + 1459 = 4187. Suppose 0 = 5*f - 146 - 9. Calculate the greatest common divisor of u and f.
31
Suppose 2 = -5*t + 7*t. Let u be 3 - (-1 + -2)*t - -3. Let s = 93 + -66. What is the greatest common divisor of u and s?
9
Suppose -2*x + 10*l + 27 = 5*l, -3*x + 5*l + 43 = 0. What is the greatest common divisor of 64 and x?
16
Let x(g) = 6. Let a(b) = b. Let m(i) = 3*a(i) - x(i). Let y be m(4). Let c be ((-8)/10)/(y/(-225)). Calculate the highest common divisor of c and 75.
15
Suppose -4*u = -0*u + 4*q - 240, u = 3*q + 44. Let a = u - 87. Let f = -13 - a. Calculate the highest common divisor of 90 and f.
18
Suppose 21 - 5 = 2*c. Let g be 2/c*0/(-3). Suppose -5*l = -10, l + g + 46 = 4*i. What is the greatest common factor of i and 8?
4
Let f be (-26)/156 + 201/18. Calculate the greatest common factor of 33 and f.
11
Suppose -u - u = -40. Suppose 2*m + u = 5*z - 3*z, 3*m - 6 = -3*z. What is the highest common factor of z and 2?
2
Let x(v) = 2*v**3 + 41*v**2 - 42*v + 31. Let q be x(-20). What is the highest common factor of q and 82?
41
Suppose 127 = 26*v - 29. What is the highest common divisor of v and 318?
6
Let g(j) = 19*j + 2. Let x be g(2). Let m = -28 + x. Suppose -2*u + b = -45, m = -4*b - 8. Calculate the highest common factor of u and 30.
10
Let h(g) = -g**3 + 24*g**2 + 28. Let m be h(24). Let y be (-120)/(4/(-1)) - 2. Calculate the greatest common divisor of y and m.
28
Suppose -5*t + 20 = -25. Suppose c - 2*c + 6 = 0. Calculate the greatest common factor of c and t.
3
Let g(r) = -6*r**2 - 11. Let i be g(5). Let k = 59 - i. What is the highest common factor of 20 and k?
20
Let s = -178 + 190. What is the greatest common divisor of s and 42?
6
Let a(y) = -16*y + 89. Let s be a(4). Calculate the highest common factor of s and 325.
25
Suppose 5*i - 29 - 16 = 0. Calculate the highest common factor of i and 81.
9
Suppose -3*n - 5*v + 388 = -544, 0 = 2*n + 5*v - 628. What is the highest common factor of n and 38?
38
Let g(r) = -2*r + 6. Let f be g(3). Suppose 4*y = 2*s - 436, -5*s - 5*y + 529 + 576 = f. Calculate the highest common divisor of s and 20.
20
Let i = 2198 - 2118. Calculate the highest common divisor of i and 96.
16
Suppose -5*u + 1 + 9 = 0. Let v = u + 0. Calculate the greatest common divisor of 18 and v.
2
Let t(i) = 743*i - 1. Let n be t(-1). Let v = n - -1096. Calculate the highest common divisor of 32 and v.
32
Let n be (1 - 4)*1*2/(-2). Suppose 5*t = 5*u - n*u - 24, 0 = -u - t + 19. What is the greatest common divisor of u and 68?
17
Let l = -4 + 9. Suppose k + l*m + 90 = 6*k, -2*k - m = -36. Let d be ((-4)/4)/(5/(-10)). Calculate the greatest common factor of d and k.
2
Let p = -4206 - -6581. Calculate the highest common factor of p and 250.
125
Let o be 3*(8/36 - (-57)/27). Let x(f) = -f**2 + 12*f - 27. Let g be x(o). What is the highest common divisor of g and 112?
8
Let i(l) = l**2 - 3*l - 5. Let w be i(6). Let p be w/(-13) - (-333 - 1). What is the greatest common factor of 37 and p?
37
Let z(f) = -f + 38. Let v be z(-4). What is the highest common divisor of v and 231?
21
Let k be -3 - -6*(6 + -5). Suppose 619 = k*x - y - y, 5*y - 5 = 0. What is the greatest common divisor of 9 and x?
9
Suppose 7 = -9*a + 10*a. Suppose 2*y - 16 = -3*t + a, -3*y + 4*t = -26. What is the greatest common factor of y and 4?
2
Suppose -4*i = -4, -4*h + 5*i - 15 = -110. Suppose -a - h = -o, -o - a = -6*o + 133. Calculate the highest common divisor of 36 and o.
9
Let y(t) = 9*t - 10. Let v be y(14). Suppose 336 - v = 10*p. What is the highest common divisor of p and 176?
22
Suppose -101*v = -109*v + 360. What is the highest common factor of v and 9?
9
Let n be (-1 - 37/(-1)) + 0. Let c be 16/(26 + -10) + 8. Calculate the greatest common divisor of n and c.
9
Let h be ((-115)/15 - -3)*-3. Let q(i) = i**2 - 13*i - 22. Let y be q(h). Let b be (-9)/((36/y)/3). Calculate the greatest common divisor of b and 24.
6
Let o = 1613 + -1405. Calculate the greatest common factor of 48 and o.
16
Let l = 57 + 87. Suppose 0 = h + 3*f - 11, 4*f + 0 = 4*h - 124. Let i = h + -10. Calculate the highest common factor of l and i.
16
Let y(o) = -2*o**2 + 5*o - 6. Let u be y(5). Let v be (u/(-2))/(3/12). What is the highest common divisor of 93 and v?
31
Suppose 0 = 5*t + 4*t - 702. Let s = -62 + t. What is the greatest common divisor of s and 4?
4
Suppose -298*a + 285*a + 4784 = 0. What is the greatest common divisor of a and 48?
16
Suppose -r - 5*m = -6*m - 107, 2*m = 10. Let i be (1 - 3) + (-36)/(-2). Calculate the highest common divisor of r and i.
16
Suppose 3*n - 462 = u, 5*u = 4*n - 0*n - 616. What is the highest common divisor of 385 and n?
77
Suppose -236 = -4*s + 2*s. Calculate the greatest common factor of s and 531.
59
Suppose -16*b = 56*b - 15552. Calculate the greatest common factor of 48 and b.
24
Let w = -359 + 404. Calculate the highest common divisor of 120 and w.
15
Let r = -59 - -63. Calculate the highest common divisor of r and 124.
4
Suppose -3*t = -2*a + 23, a - 2*t - 3*t - 15 = 0. What is the greatest common factor of a and 105?
5
Suppose -5*t = -2*r + 149, 0 = -2*r - 4*t + 37 + 121. Suppose -2*u - 14 = -4*u. Let i be u + (-5)/(10/6) + 3. Calculate the greatest common factor of i and r.
7
Let j(h) = -h**3 - 2*h**2 + 24*h - 12. Let d be j(-7). What is the greatest common factor of 5 and d?
5
Let b = 6 - 2. Suppose -b*d = d. Suppose d*m + 30 = m. What is the highest common divisor of 15 and m?
15
Let i(l) = l**3 + 9*l**2 + 7*l + 7. Suppose 0 + 16 = -2*h. Let s be i(h). Calculate the greatest common divisor of 165 and s.
15
Let g = -25 + 88. Suppose -3*z - 3*v + g = -18, 0 = 2*z - v - 57. Suppose 3*k + z = 2*d - 0*k, 4*d - 84 = -k. Calculate the greatest common divisor of 4 and d.
4
Suppose -7*n - 15 + 99 = 0. Calculate the highest common factor of 204 and n.
12
Let f(n) = n**3 + 44*n**2 + n + 161. Let a be f(-44). Calculate the highest common factor of a and 195.
39
Let l be (605/15)/(1/9). What is the highest common factor of 33 and l?
33
Let m(v) = v**2 + 2*v + 7. Let f be m(6). Suppose 6*n - f = n. Suppose -2*i - 5*q + n = 0, 3*q - 3 = i - 14. What is the highest common divisor of 8 and i?
8
Suppose c - 954 = -t, t - 1313 = -4*c - 368. Suppose 4*j + x - t = 0, -2*j + x = -38 - 445. What is the highest common factor of 48 and j?
48
Suppose 94856 = 53*a + 9